t is the tens digit of y?
1
Let i(h) = -10*h - 1. Let w(m) = 20*m + 2. Let x(k) = -10*i(k) - 4*w(k). What is the tens digit of x(3)?
6
Let g = -20 + 20. Suppose g*l - 5*l = -30. Suppose -155 = k - l*k. What is the tens digit of k?
3
Let v(w) = 17*w - 6. Let x be v(-2). What is the tens digit of (-1272)/x + 2/10?
3
Let q be ((-20)/(-8) + -2)*0. Suppose 3*c + 2*x - 2 = q, 3*c = 5*x + 17 + 20. What is the tens digit of c/(-14) + 988/28?
3
Let g = -6 + 37. Let u = 17 + g. What is the tens digit of u?
4
Suppose 2*w + 69 = 347. Suppose -144*n = -w*n - 835. What is the units digit of n?
7
Let d = 171 - 91. Suppose -124 = -2*f + 4*v + d, f + v - 105 = 0. What is the units digit of f?
4
Suppose -p - 17 = 4*r, -50 = 3*p - 4*r - 15. Let c = p + -4. Let k = c - -30. What is the units digit of k?
3
Let h(q) = 128*q - 28. Let d be h(5). What is the tens digit of ((-7)/14)/((-2)/d)?
5
Let d = -64 + 60. Let s(z) = 2*z**2 + 6*z + 5. What is the units digit of s(d)?
3
Let h be 7/21 - (-62)/3. Let p = 82 - h. What is the units digit of p?
1
Suppose -28*h + 22*h + 1710 = 0. What is the hundreds digit of h?
2
What is the hundreds digit of (249*(-4)/48)/(3/(-312))?
1
Suppose -3*g - 2*g + 2760 = -5*d, 5*g + 2*d = 2725. What is the units digit of g?
7
Let v(o) = o. Let f(y) be the third derivative of -y**4/12 - y**3/2 - 4*y**2. Let n(w) = f(w) + 5*v(w). What is the units digit of n(3)?
6
Suppose -4*l - 4723 = -3*p, 2*l = -2*p + 3*l + 3147. Suppose 17*o - p = 4*o. What is the units digit of o?
1
What is the tens digit of (-1 - -2)/(4220/(-2112) - -2)?
2
Let m(g) = 10 + 2 - 67*g + 37*g. What is the tens digit of m(-4)?
3
Let s = 739 - 389. What is the hundreds digit of s?
3
Let c be ((-950)/133)/(1/(-7)). Let j = c - 44. What is the units digit of j?
6
What is the tens digit of (-228 - 21)*(-5)/3?
1
Suppose 34 = 5*b + 24. Suppose -4*j + 0*r - r = -634, -j - b*r = -155. What is the units digit of j?
9
Suppose 3*m + 49 - 154 = 0. Let y = 4 - 3. Suppose -2*t = -y - m. What is the units digit of t?
8
Suppose 0 = 2*z - 4*z + 5*n + 94, -140 = -4*z - 2*n. What is the tens digit of (z/(-4))/(14/(-56))?
3
Let o(u) = u**3 - 10*u**2 + 9*u - 9. Let i be o(9). Let a = 7 - i. What is the tens digit of a?
1
Suppose -5*c = -576 - 249. What is the hundreds digit of c?
1
Suppose 8*p - 11*p = 0. Suppose 4*h + 12 = -p*h. Let b = h - -9. What is the units digit of b?
6
Suppose -171*u - 2191 = -172*u. What is the thousands digit of u?
2
Let l(h) be the first derivative of -29*h**4/2 - h**3 - h**2 + 21. What is the tens digit of l(-1)?
5
Suppose -m + 29 = 4*t - t, -3*t + 3 = 0. Let s = 50 - m. What is the units digit of s?
4
Let u be (-2)/(-5) - 37/5. Let p = 11 + u. Suppose -3*w + 21 - p = -5*n, -w = 4*n. What is the units digit of w?
4
Let h(r) = -r**3 + 16*r**2 + 17*r - 19. Let b(z) = z**3 - 15*z**2 - 18*z + 18. Let a(k) = 5*b(k) + 6*h(k). What is the tens digit of a(21)?
2
Let n = -29 + 23. What is the units digit of (-591)/(-6) + 3/n?
8
Let k = 88 - 20. Let i = 70 + k. Let r = i - 64. What is the units digit of r?
4
Suppose 3*p = 3*w - 48, -4*w - 12 = -6*w - 3*p. What is the tens digit of w/((-6)/160*-4) - -2?
8
Let u = -56 + 59. Suppose -5*f = 0, -x = -u*x - f + 320. What is the tens digit of x?
6
Let y(x) be the first derivative of 1/2*x**2 + 7 + 12*x. What is the units digit of y(-9)?
3
Let g = 444 + -440. Let v(c) = 2*c**2 - 3*c - 1. Let j be v(4). Suppose 39 = g*s + j. What is the units digit of s?
5
Let v be (-1 + -5)*(3 + -1). Let u = 21 + v. Suppose -u = 5*d - 54. What is the units digit of d?
9
Suppose 0 = -5*k - 27 - 33. Let c(f) be the second derivative of -f**4/12 - 13*f**3/6 - 3*f**2 - f. What is the units digit of c(k)?
6
Suppose -4*a + 621 = v, -6*a = -3*a - 5*v - 483. What is the hundreds digit of a?
1
Let g(k) = 516*k**2 - 4*k - 4. Let w(y) = -344*y**2 + 3*y + 3. Let t(f) = 5*g(f) + 7*w(f). What is the units digit of t(-1)?
2
Suppose -3205 = -5*c + i, -i + 24 = 3*c - 1907. What is the units digit of c?
2
Suppose -5*x + 6*x - 3 = 0. Suppose x*p = -55 + 448. What is the hundreds digit of p?
1
Suppose -22*d + 16*d + 948 = 0. Let g = d - 81. What is the units digit of g?
7
Let w be (-2 + 160/72)*9. Let c(t) be the second derivative of t**3/6 + 5*t**2/2 + t. What is the units digit of c(w)?
7
Suppose -4*a - 41 + 1098 = 5*f, 3*a - 792 = -3*f. Suppose 266*q - 681 = a*q. What is the units digit of q?
7
What is the thousands digit of 10 + (1072 - (2 + 7))?
1
Suppose 4*g + w = -91, -100 = 2*g + 3*g + 4*w. Let a be ((-8)/g)/((-2)/(-24)). Suppose 5*u + 16 = -c, 5*c - 2*u - 12 = -a*u. What is the units digit of c?
4
Let n(t) = -5*t**2 - 2*t + 3. Let p(g) = 3*g**2 + g - 1. Let j(k) = 4*n(k) + 7*p(k). Let a be j(4). Suppose -20*y + 18 = -a*y. What is the units digit of y?
6
Let z be (2/3)/((-6)/(-45)). Suppose 2*o - z - 3 = 0. Suppose -4*g + 3*g - o*x = -24, -5*x = 5*g - 150. What is the units digit of g?
2
Let n = -649 + 373. Let h = -188 - n. What is the tens digit of h?
8
Suppose 56 = 3*b + y, -b - 3*y = 3*b - 68. What is the units digit of ((-6)/(-10))/(4/b)?
3
Suppose 4*k = -3*r + 11713, 5*r - 11039 = -5*k + 8481. What is the thousands digit of r?
3
Let y = -131 - -147. Suppose -14*j - 352 = -y*j. What is the hundreds digit of j?
1
Suppose -4780 = -143*o + 139*o + z, 0 = o + z - 1190. What is the units digit of o?
4
What is the hundreds digit of ((-80)/160)/((-1)/3606)?
8
Let g = 1395 - -1816. What is the units digit of g?
1
What is the units digit of -222*3/(-27)*18?
4
Let r be (-125)/(-30) + (-4)/24. What is the units digit of 1 - 70/(-2) - r?
2
Suppose 0 = -s + 2 + 74. Suppose u + u = -4*v + s, 10 = -5*v. What is the tens digit of u?
4
Suppose -4*d + 16 = 5*f, -4*f + f = -5*d + 57. Suppose 5*n - 47 = -2. What is the tens digit of 30/d*n/2?
1
Let l be 2/(2/3) + 7 + -6. What is the units digit of 1/(l + 19/(-5))?
5
Let c(g) = g**2 - 10*g - 10. Suppose -5*h = 15 - 70. Let z be c(h). What is the tens digit of 8 + -4 + z*58?
6
Suppose -c + 239 = 2*d - 4*d, 5*d + 714 = 3*c. What is the units digit of c?
3
Suppose 1279 = 2*j - 5*v + 8*v, -3*j + 5*v = -1928. What is the tens digit of j?
4
Suppose -79 = 16*w - 351. What is the units digit of w?
7
Let t(m) = 26*m**2 + 17*m + 15. What is the tens digit of t(-9)?
6
Let l(r) = 3*r**2 + 9*r - 30. Suppose -2*b + 3*b - x - 6 = 0, -b = x - 10. What is the tens digit of l(b)?
3
Let b = 28 - 26. Suppose -4*k - k = 4*g - 356, -178 = -2*g - b*k. What is the units digit of g?
9
Let h(g) = -114*g - 2. Let p be h(-2). Suppose 0 = 4*q + 2*k - 220, 4*q - p = 2*k - k. What is the units digit of q?
6
Let s(w) be the first derivative of -5*w**2/2 + 10*w - 11. What is the units digit of s(-6)?
0
Suppose 15 - 11 = w. Let b = w + 12. What is the units digit of b?
6
Let m = 46 + -36. Let j = 5 + m. Let y = j - 12. What is the units digit of y?
3
Suppose 2*w = 5*c - 15, 0*w - 4*w = 5*c - 15. Suppose w*d + d + 8 = 0. What is the tens digit of ((-100)/d)/((-4)/(-8))?
2
Suppose 5*w + 3*u + 9 = w, 2*u + 6 = -3*w. Let y(l) be the third derivative of -l**5/60 + 4*l**3 - 4*l**2. What is the tens digit of y(w)?
2
Suppose -315 = -19*m + 4*m. Suppose 23*x - 298 = m*x. What is the tens digit of x?
4
Let t = -49 + 51. Let h = 0 + 0. Suppose -t*u - 1 + 3 = 2*b, 2*b + 3*u = h. What is the units digit of b?
3
Suppose 5*d + 5*t - 230 = 0, 4*d - 78 - 127 = 3*t. Let l = d - 12. Suppose -3*z + l = -17. What is the tens digit of z?
1
Suppose -4*h + 778 = 2*b, 2*b + h = -4*h + 778. What is the tens digit of b?
8
Let l(c) = c**3 - 4*c**3 + 4*c**3 - 9*c**2 - 11*c + 9 + 0. Let d be l(10). What is the tens digit of (-15 + (1 - -1))/d?
1
Let s be 0 - 0 - (-1 - 1). Let y be 2/(1 - -1) + s. Suppose y*z = -0*z + 75. What is the tens digit of z?
2
Let h be (-2 + 5 + 0)/((-1)/(-1)). Suppose -h*v + a + 159 = -2*v, -171 = -v - 2*a. What is the units digit of v?
3
Let n = 12 - 9. Suppose -p = k - n - 3, -3*k - 4*p + 21 = 0. Let g = -1 + k. What is the units digit of g?
2
Let l(n) = 2*n - 18. Let o be l(11). Suppose 4*b + 21 + 52 = 3*i, 0 = -i + o*b + 19. What is the tens digit of i?
2
What is the units digit of 13/(-65) - 212/(-10) - 1?
0
Let v(j) = 296*j**2 + 5*j - 4. Let g be v(1). Suppose -4*l + c = l - g, 0 = 2*c - 6. What is the units digit of l?
0
Let n be 0 - 2/2 - -3. Suppose -19 